3
Suppose 39*l - 74542 = -9451. What is the tens digit of l?
6
Suppose 60*x - 62*x - 842 = 0. Let i = -266 - x. What is the hundreds digit of i?
1
What is the hundreds digit of (-119829)/59*1/(-3)?
6
Suppose y = 5*m + 293, 4*m - 82 = y - 316. Let p = -91 - m. Let s = p + 64. What is the units digit of s?
2
Suppose 7*p - 5491 = -10*p. What is the units digit of p?
3
Suppose 1577 = 4*j - 3*o, -2*j - 6*o = -10*o - 776. What is the hundreds digit of j?
3
Let d(z) = 3*z**2 - 2*z + 3. Let x(j) = j - 2. Let s be x(7). Suppose s*b + h - 14 = 0, b + 2*h + 3*h + 2 = 0. What is the units digit of d(b)?
4
Let h = 52 - 43. Let w(m) = 4*m + 3. What is the units digit of w(h)?
9
Suppose -3*f + x + x = 78, 2*x + 26 = -f. Let d = f - -52. Suppose -d = -4*p + 2. What is the units digit of p?
7
Suppose 5*r + 2*d - 4 = 10, -4*r - 4*d + 4 = 0. Let c = -2 + r. What is the units digit of c/(-3) + 60/9?
6
Let u be -18*(3/(-5) - (-1203)/(-45)). Let r = u + -222. What is the hundreds digit of r?
2
Suppose 2*y - 4*q - 244 = 0, 3*q - 12 = 7*q. What is the hundreds digit of y?
1
Let i be 433/4 + (-5)/20. Suppose -2*y - y - o = -i, 2*o = 5*y - 169. What is the tens digit of y?
3
Let b(v) = 276*v**2 - 4. What is the hundreds digit of b(-3)?
4
Suppose -o - 2*o = -15. Suppose 2*k = -0*k + 10, 0 = -o*p + 4*k - 5. Suppose -7*t + 108 = -p*t. What is the tens digit of t?
2
Let s = -4806 - -6867. What is the tens digit of s?
6
Let z = -14 + 14. Suppose 3 + z = q. Suppose 0 = -q*l - l + 68. What is the units digit of l?
7
Let m = -2 + -2. Let p(u) = 3*u**2 + 6*u. What is the units digit of p(m)?
4
Let c(t) = 2*t**2 + t - 2. Let g be c(-2). Suppose 5*p = -g*v - 50, 0*p - 7 = -3*p + 5*v. What is the tens digit of (p/3)/(4/(-38))?
1
Let x be 16/(-48)*(3 + 0)*-261. Let u = 413 - x. What is the units digit of u?
2
Let n(p) = p**3 - 5*p**2 - 5*p - 7. Let c be n(6). What is the units digit of (3/6)/((-1)/2 - c)?
1
Let h = -7 - -21. What is the units digit of (-88)/(-14) - 4/h?
6
Suppose -3*c = 212*x - 207*x - 8058, 3*c - 2*x = 8058. What is the tens digit of c?
8
Let v(j) = j**3 - j**2 - 4*j + 10. Let m be v(-3). Let x = m - -98. What is the tens digit of x?
8
What is the units digit of 75/(-6)*((-11904)/10)/6?
0
Let f(k) be the first derivative of k**2/2 - 2*k + 3. Let r be f(2). Suppose -x - 5*d - 14 = r, 3*d + 12 = -3. What is the tens digit of x?
1
Let l be (-2)/((-4)/(-1))*-10. Suppose -l*d + 267 = -5*h - 18, 0 = d + h - 51. What is the units digit of d?
4
Let y(l) = 10*l**2 - 40*l + 72. What is the units digit of y(16)?
2
Let n(g) = 79*g**2 - 3*g + 1. Suppose -4*p - 14 = -18. What is the tens digit of n(p)?
7
Suppose 2*x - 3*i - 1587 = -x, -1595 = -3*x - i. What is the hundreds digit of x?
5
Let g = -112 - -157. Let f = 100 - g. What is the units digit of f?
5
Let g(p) = 377*p - 609. What is the units digit of g(12)?
5
Let b be 3 + (3 - 4)/((-1)/(-95)). What is the tens digit of 3/9*-3 - b?
9
Let m = 64 + -67. What is the tens digit of ((-1414)/21)/(2/m)?
0
Let u = -157 - -284. What is the tens digit of u?
2
Suppose -172 = -17*v + 1086. Let h = -47 + v. What is the tens digit of h?
2
What is the units digit of (1686/(-5))/(99/(-165))?
2
Let r be ((-3)/(-6))/((-2)/8). Let y = r + 20. Let n = y + -17. What is the units digit of n?
1
Let h(u) = -3*u**3 - 6*u**2 + 3*u + 17. Let m be h(-5). Suppose -5*y - 3*w = -m, 225 = 4*y - 4*w + 37. What is the units digit of y?
6
Suppose 0 = 2*p - 38 + 34. Suppose -5*u = -4*i - 600, p*u + 2*u - 3*i - 480 = 0. What is the tens digit of u?
2
Let i(w) = 7*w**2 + 3*w. What is the tens digit of i(6)?
7
Let t be 1/(-5 + 4)*-2. Let i be (-5)/t*264/(-30). Let n = i - 6. What is the tens digit of n?
1
Suppose -k - 407 = -6*k - 3*y, -2*y - 2 = 0. Let m = -47 + k. What is the units digit of m?
5
Let u = -58 + 633. What is the tens digit of u?
7
Suppose 0 = 4*g - 16, -9*b + g - 629 = -14*b. What is the units digit of b?
5
Let l = -83 - -195. Suppose 0 = 4*g - 4*c + l, 59 = -2*g + 2*c - 3*c. Let h = 59 + g. What is the tens digit of h?
3
Suppose -r + 24 = 23, 2*h = -5*r + 6943. What is the hundreds digit of h?
4
Let l(h) = -20*h - 13. Let x(z) = z. Let o(w) = l(w) + 4*x(w). What is the units digit of o(-7)?
9
Let z be (-4)/16 + -1 + 26/8. Suppose -5*u + 3*b + 215 = 0, 2*b - z + 38 = u. What is the tens digit of u?
4
Suppose -4 + 8 = l. Let s be (l/(-4))/(2/(-18)). Let d = s - -28. What is the units digit of d?
7
Suppose w + 1241 - 14703 = -3*f, -5*f = -5*w - 22450. Suppose 23*u - 6*u = f. What is the tens digit of u?
6
Let l(s) = -s**3 + 18*s**2 - 21*s + 15. Let q be l(14). Suppose -5*z + 0*z + 3*m = -q, 5*z + 2*m - 480 = 0. What is the tens digit of z?
9
Let q(b) = -b**3 + 2*b**2 - b + 11. Suppose -v = -2*v. Let d be q(v). What is the units digit of 18/99 + 9/d?
1
Suppose -3*v - 4*p = 4, p = -v - 2*p + 2. Let f = -1 - v. What is the units digit of -4*(-2 - 1) - f?
9
Let d(s) = -7*s - 11. Let z be d(-7). Let u = 5 + z. What is the units digit of u?
3
Suppose 5*l - 977 = -192. Suppose 3*i = l + 8. What is the tens digit of i?
5
Suppose -2545 - 2603 = -6*q. What is the tens digit of q?
5
Suppose 0 = 3*k - 89 - 1. Suppose k = 3*u + 2*u. Suppose -4*o + 2*s - u*s = -112, 2 = -s. What is the tens digit of o?
3
Let q(z) = -54*z + 15. Let l be q(-5). Suppose o + 0*o = l. What is the tens digit of (-16)/(-6)*o/20?
3
Let o(l) = -5*l**3 + 2*l**2 - 14*l - 16. Let y(q) = 4*q**3 - 3*q**2 + 13*q + 17. Let j(v) = 3*o(v) + 4*y(v). What is the units digit of j(6)?
0
Let o(c) = 43*c + 18. What is the hundreds digit of o(12)?
5
Let x = -30 - -30. Suppose 3*i = 2*h - 27 - 73, 4*i + 16 = x. What is the units digit of h?
4
Suppose -50 = -10*c + 8*c. What is the hundreds digit of -1*c/10*-102?
2
Suppose 10 = 3*w + 2*w. Let r(p) = 2*p**2 + 3*p + 2. Let n be r(4). What is the units digit of (n/w)/(3 + -2)?
3
Suppose -2*n = -7 - 7. Let b be n + (-6)/(2/(-1)). What is the units digit of ((-19)/(-5))/(2/b)?
9
Let a = -2358 - -4169. What is the thousands digit of a?
1
Let f(z) = -9*z**2 - z. Let i be f(1). Let s(r) = r**2 + 5*r + 1. What is the tens digit of s(i)?
5
Let w be (-2)/3 + 120/18. Suppose w*y - 4 = 4*y. Suppose 2*f = -y*f + 72. What is the tens digit of f?
1
Suppose -5*d = -3*o + 11561, 2*o + 2255 = 4*d + 9959. What is the tens digit of o?
6
Let l(x) = 12*x - 36. Let a be l(9). Suppose -68*y + a = -67*y. What is the units digit of y?
2
Let x be 3/(-15) - 822/(-10). Let q be 620/(-14) + 4/14. Let b = x + q. What is the tens digit of b?
3
Suppose 2*q + 8*q - 410 = 0. Let t = q - 25. What is the units digit of t?
6
Let r = -202 - -1086. What is the tens digit of r?
8
Suppose -3*f + 4*j + 2885 = 0, -3*f = -5*f + 3*j + 1925. What is the units digit of f?
5
Let c(d) = d**3 - 7*d**2 - 9*d + 13. Let n be c(7). Let f = n + 108. What is the units digit of f?
8
Let j(o) be the third derivative of -3*o**2 + 1/30*o**6 + 0 - 1/60*o**5 + 0*o + 1/24*o**4 - 1/6*o**3. What is the units digit of j(1)?
3
Let c(s) = -s**2 + 3*s + 4. Let i be c(-9). Let l = i + 149. What is the tens digit of l?
4
What is the tens digit of ((-214)/(-7))/(3/42)?
2
What is the hundreds digit of (1 - 18/(-2))*57?
5
Let d(p) = -69*p + 18. Let l be d(-8). Suppose 0*x + x - 3*w = 114, 2*w = -5*x + l. What is the units digit of x?
4
Let t = -59 - -59. Suppose u + 7 - 2 = t, -5*f + 515 = 3*u. What is the hundreds digit of f?
1
Let q be 9/(-54) + 13/6. Suppose 14 = -2*l - 4*j, 5*j = q*l + 3*l - 40. Suppose -4*v + m + 2*m + 131 = 0, l*v - 5*m = 90. What is the units digit of v?
5
Let n = -164 - -322. Let f = -80 + n. What is the tens digit of f?
7
Let z(l) = -l**2 - 9*l + 1. Let v = 27 - 35. Let g be z(v). Suppose -t = 3*w - 2 - 14, 0 = -2*w - t + g. What is the units digit of w?
7
Let f(j) = -3*j**3 - j**2 - j - 2. Let a(i) = i**2 + 0*i + i + 5*i - 9. Let k be a(-7). What is the tens digit of f(k)?
2
Let b(h) = 452*h**2 - 4*h - 2. What is the units digit of b(-1)?
4
What is the thousands digit of 1/((-6)/9)*-1574?
2
Let x(a) be the second derivative of a**4/12 + a**3/6 - 7*a**2/2 + a. Suppose 5*h = -5*r - 15, -4*r + 5 - 12 = 3*h. What is the units digit of x(h)?
3
What is the tens digit of (2/(-6))/(((-42)/11862)/7)?
5
Let i be (-20)/(-15)*153/6. Suppose -15 = -l + i. What is the units digit of l?
9
Suppose 5*m = -6405 + 23